). Let h = f + 25. List the prime factors of h.
11
Let d be (2/(-3))/((-6)/36). Suppose -3*m + d*m = 8. List the prime factors of m.
2
Let c(z) be the second derivative of z**4/12 - z**3 - 7*z**2/2 + 3*z. What are the prime factors of c(9)?
2, 5
Suppose b + 3 = 4. Let l be 19/3 + b/(-3). Suppose -2*t = -2 - l. List the prime factors of t.
2
Let x be (16 + -46)*(-2)/3. Suppose x = 2*n + j - 39, 0 = 5*n + j - 143. What are the prime factors of n?
2, 7
What are the prime factors of 3*(-43)/(-3) + -4?
3, 13
Suppose -2*h = -a + h + 24, -3*h - 60 = -5*a. Let o be (-1)/(-2)*8 - 2. Suppose o*l - a = l. List the prime factors of l.
3
Let f(j) = j**3 + 8*j**2 + j + 4. Let q be f(-8). List the prime factors of 4*2/q + 8.
2, 3
Let s(t) = -t + 6. Let x be s(6). Suppose x*v + 1 = v + 2*d, 3*v = -5*d - 1. Let y(j) = -j - 1. What are the prime factors of y(v)?
2, 3
Suppose 5*p + 43 = 2*m, m + 4*p = -3 - 8. Suppose 2*n - m = 5. What are the prime factors of n?
7
Let p be 15804/198 + (-2)/(-11). Suppose 174 = 5*d + h, -106 = -5*d - 4*h + p. List the prime factors of d.
2, 17
Let h be 3 + (-3 - 1)*-1. List the prime factors of (h - 8)*-1*31.
31
Suppose 0 = -11*d - 11*d + 6006. List the prime factors of d.
3, 7, 13
Let c = -15 + 20. Suppose 3 = -h + 2*l + 4, -2*l + 4 = 0. Suppose -c*i - 4*n = -55, h = -3*i + 2*n + 38. What are the prime factors of i?
11
Let u(s) = 26*s**3 - 4*s**2 + 6*s - 5. List the prime factors of u(2).
199
Let m(j) = -j**3 - 3*j**2 + 2*j + 6. Let n be m(-4). Suppose n = 4*c - 34. Suppose r = -r + c. What are the prime factors of r?
2, 3
Let l = -17 - 11. Let m = l - -50. What are the prime factors of m?
2, 11
Let t = 90 + -25. What are the prime factors of t?
5, 13
What are the prime factors of 5/((-20)/212)*-1?
53
Let a(v) = -v + 10. What are the prime factors of a(0)?
2, 5
List the prime factors of (-36)/14*91*(-12)/18.
2, 3, 13
Let k = 5 + -3. Suppose -3*w - k*w = 0. Suppose 55 = 5*u + x, 22 + w = 2*u + 5*x. What are the prime factors of u?
11
Suppose -3*h + 8*h + 3*j - 20 = 0, 2*h - 5*j - 39 = 0. Let y(s) = s**3 - 6*s**2 - 4*s - 10. List the prime factors of y(h).
11
Let c(s) be the third derivative of s**4/24 + 3*s**3/2 + 2*s**2. Suppose -2*w + 2*j = 6, -2*w - 20 = 5*j - 0*j. What are the prime factors of c(w)?
2
Let p(v) = v + 8. Let y be p(-5). Suppose 5*d = -0*t - 3*t + 73, -t + 43 = -y*d. List the prime factors of t.
31
Suppose 7*o - 3*o = 0. Suppose -n = n + 4, -4*t + n + 50 = o. List the prime factors of t.
2, 3
Let p = -362 - -214. What are the prime factors of (-2)/(-6) + p/(-6)?
5
Let f(s) = -4*s**3 + s**2 + s + 1. Let o be f(-1). Suppose 4*u + z - 32 = -z, o*z - 38 = -3*u. What are the prime factors of u?
2, 3
Let l = 7 + -3. Suppose 3 = u + 3*i - 2*i, 8 = 4*u + 2*i. Suppose j - u = -4*y, 5*j - l*y = -9*y + 35. List the prime factors of j.
3
Suppose n = -4*u - 0*n + 10, -5*n = -3*u + 19. Let g(m) = 4*m**2 + 5*m - 2. Let l(v) = v**2. Let y(x) = g(x) - 5*l(x). List the prime factors of y(u).
2
Let h(y) = -2*y + 2. Let s be h(6). Let j = -6 - s. What are the prime factors of j?
2
Let g(t) = 4*t**2 - t - 11. List the prime factors of g(-5).
2, 47
Suppose -w + n = 1, -2*w = -w + 5*n - 23. Suppose 0 = -7*f + w*f + 104. List the prime factors of f.
2, 13
Let b = 18 + -34. Let q = b + 26. What are the prime factors of q?
2, 5
Let o = 174 - -25. What are the prime factors of o?
199
What are the prime factors of (3 - 74/4)*-2?
31
List the prime factors of (-12)/9 - (-4085)/15.
271
Suppose 2*d - 4*k = 8, 4*d + 3*k - 6 = k. What are the prime factors of 16 - (d + 1 - 3)?
2
Suppose 2*p - m - 6 = -0*m, -4*p = -m - 12. What are the prime factors of p?
3
Suppose -65 - 5 = -5*u. Suppose f + 4 = -2*s - 2, 2*s + u = 3*f. List the prime factors of f.
2
Let p(t) = -t**3 + 9*t**2 - 7*t + 1. List the prime factors of p(4).
53
Let x(q) = q - 1. Let n be x(3). Let a be (18/4)/((-2)/(-4)). Suppose n*v - 5 = a. List the prime factors of v.
7
Suppose 0 = -3*x - 3*k - k + 132, 126 = 3*x + 2*k. Let p = -12 + x. What are the prime factors of p?
2, 7
Suppose 4*l = -0*l + 16. Suppose 2*t - 13 + 3 = 0. Suppose -43 = -u - 2*u - 5*g, 0 = -t*u + l*g + 10. What are the prime factors of u?
2, 3
Let r(l) = -45*l + 7. List the prime factors of r(-2).
97
Suppose q = 2*z + 6*q - 17, 3*q + 3 = 0. What are the prime factors of z?
11
Let n be (-220)/(-6)*48/20. Suppose -4*y + r + n = 0, 0 = -3*y + 8*r - 4*r + 66. What are the prime factors of y?
2, 11
Suppose 0 = -m - t + 17, t - 55 = -7*m + 4*m. List the prime factors of m.
19
List the prime factors of 780/36 + 4/(-6).
3, 7
Let b(f) = -5*f - 5. What are the prime factors of b(-14)?
5, 13
Let m(d) = 6 + d**2 - d + 6*d - 6. Suppose w + 8 = 1. What are the prime factors of m(w)?
2, 7
Let r(g) = g**2 + 5*g + 10. List the prime factors of r(-5).
2, 5
Suppose 0 = 3*j + 2*j + 40. List the prime factors of (-6)/j + (-1320)/(-32).
2, 3, 7
Let p = -7 - -6. Let c be 1/(p/(-1)) + 19. Let k = c - 10. What are the prime factors of k?
2, 5
Let w be (2*-1)/(12/(-6)). Suppose -h - 2*u + 13 + w = 0, -3*h = -2*u - 26. What are the prime factors of h?
2, 5
Let n = 2 - -1. Let q(f) = -f**2 - 18*f - 11. Let c be q(-9). Suppose -n*p + c = 2*p. List the prime factors of p.
2, 7
Let c(f) = -f**3 - 3*f**2 - 3*f - 5. What are the prime factors of c(-3)?
2
Suppose 5*r - 28 = 2*u - 5*u, -5*r + 23 = -2*u. Suppose 4*v - 145 = o - 40, 3*o - 127 = -r*v. List the prime factors of v.
2, 13
List the prime factors of (-4)/((-5)/((-15)/(-6))).
2
Suppose -k + q - 2*q + 31 = 0, -3*k + 90 = 4*q. What are the prime factors of k?
2, 17
Suppose -3*a + 0*a = -96. What are the prime factors of a?
2
Suppose 0 = 8*z - 4*z + 20. Let b = -3 - z. What are the prime factors of (1/b)/(2/8)?
2
Let u(v) = v**3 - v**2 - 2*v + 2. Let t be u(2). Suppose -4 = t*j - 3*j. Let x(r) = 2*r - 4. List the prime factors of x(j).
2
Let u be ((-40)/30)/((-1)/3). Suppose u*j - 4*q - 108 = 0, 145 = 5*j + 5*q - 0*q. List the prime factors of j.
2, 7
List the prime factors of ((-6)/4)/((-28)/1848).
3, 11
Let b = 227 + -147. Suppose 3*g - g = 2*w - 48, -5*w + b = 5*g. List the prime factors of w.
2, 5
Let z(c) = -c**2 + 8*c + 9. Let i be z(8). What are the prime factors of 27 + 0*3/i?
3
What are the prime factors of (-459)/(-5) - 28/35?
7, 13
Let i = -12 + 18. Suppose -4*q + i = -q. List the prime factors of q.
2
Suppose -13*a = -14*a + 321. List the prime factors of a.
3, 107
What are the prime factors of -4*(-1 - 0/(-1))?
2
Let h = 4 + -1. Suppose 0 = h*x - 4*x + 12. What are the prime factors of x?
2, 3
Let b(x) = 3*x**3 + 2*x**2 - x. Let p be b(1). Let r = -36 + 76. Suppose p*a - r = -a. List the prime factors of a.
2
Suppose -3*q = -6*q - 3*z + 15, -3 = -2*q + 5*z. Let a be 0*(1 - 2) + q. Suppose -4*b = -4, b = -a*c + 35 - 14. What are the prime factors of c?
5
Suppose 4*t + 2 = -38. Let p = t - -7. List the prime factors of 11 + 3/p + 3.
13
Let s be 5/(-1)*12/10. Let n = 9 + s. Suppose -4 = -n*z + 2*z. What are the prime factors of z?
2
Let q be -22*(-2 - (-5)/2). Let a be (4/6)/(4/(-18)). Let b = a - q. List the prime factors of b.
2
Let a = 64 + -28. List the prime factors of a.
2, 3
Suppose -u + 2*u - 54 = 0. Let q = -31 + u. List the prime factors of q.
23
Suppose -111 - 15 = -7*m. What are the prime factors of m?
2, 3
Suppose -4*f - 2*w + 3*w = -134, 0 = 4*f + w - 130. List the prime factors of f.
3, 11
Suppose -2*j + 4 + 354 = 4*r, 0 = 4*j - r - 671. What are the prime factors of j?
13
Let q(m) = -7*m - 16. List the prime factors of q(-6).
2, 13
Let p be -1*(2 + -1 - 5). Suppose 3*r + r = 5*w + 29, 17 = -p*w - 3*r. Let g = 1 - w. What are the prime factors of g?
2, 3
Let h be 1/(0 + (-2)/(-6)). Suppose 0*d + 4*w = 4*d - 88, w + 56 = h*d. List the prime factors of d.
17
What are the prime factors of -3*8/(-12) + 79?
3
Let s(h) = h**2 + 2*h - 1. Let l be s(1). Suppose d = l*d + 12. Let i = d - -20. List the prime factors of i.
2
Suppose -2*y - 28 = 2*y. Let z(j) = j**2 + 6*j - 3. List the prime factors of z(y).
2
Suppose -5*m + 3*m - 30 = 0. Let p be (30/25)/((-4)/(-70)). Let w = m + p. List the prime factors of w.
2, 3
Suppose -2*y - 2*y + 16 = 0. Suppose 0 = -w + 7 - y. What are the prime factors of w?
3
Suppose 4*b - 12 = 0, -5*h + 171 = -0*h - 3*b. Suppose -h = 6*z - 4*z. Let